6.
26
Calculate the greatest common divisor of 739660 and 1240.
620
Calculate the highest common factor of 205 and 16914345.
205
Calculate the greatest common divisor of 192 and 29056.
64
Calculate the greatest common factor of 19 and 11015003.
19
Calculate the highest common factor of 112 and 2864.
16
What is the highest common divisor of 620 and 221092?
124
Calculate the greatest common divisor of 94323 and 69.
69
Calculate the greatest common factor of 5723 and 4602.
59
Calculate the highest common factor of 460 and 50.
10
Calculate the greatest common divisor of 302 and 409663.
151
Calculate the highest common factor of 328 and 764.
4
What is the highest common factor of 113536 and 86039?
887
Calculate the highest common divisor of 269904 and 48.
48
What is the greatest common divisor of 1005765 and 19?
19
What is the highest common factor of 17475 and 141?
3
Calculate the greatest common divisor of 301338 and 162.
18
What is the greatest common divisor of 2820 and 642?
6
Calculate the highest common factor of 430290 and 90.
90
Calculate the greatest common factor of 22060 and 1640.
20
What is the greatest common divisor of 2915 and 165?
55
What is the highest common factor of 125808 and 1296?
48
Calculate the greatest common divisor of 16 and 161752.
8
Calculate the highest common factor of 261270 and 585.
45
Calculate the highest common factor of 328978 and 13.
13
What is the greatest common factor of 432562 and 338?
26
Calculate the highest common divisor of 42 and 151980.
6
What is the highest common divisor of 306 and 53601?
51
Calculate the highest common divisor of 36 and 293472.
36
Calculate the highest common divisor of 342 and 927162.
342
What is the highest common factor of 459 and 4401?
27
What is the highest common factor of 49712 and 832?
208
Calculate the highest common factor of 1 and 27783.
1
Calculate the greatest common factor of 2285 and 29248.
457
Calculate the greatest common factor of 116 and 552914.
58
What is the greatest common divisor of 12 and 215451?
3
Calculate the greatest common divisor of 187694 and 182.
26
What is the greatest common factor of 35092 and 29264?
124
Calculate the greatest common divisor of 896 and 2736.
16
Calculate the highest common divisor of 298561 and 62.
31
What is the highest common factor of 336 and 40488?
168
What is the highest common divisor of 297 and 183777?
33
What is the greatest common divisor of 2250402 and 1386?
462
Calculate the highest common divisor of 2 and 563786.
2
What is the highest common factor of 93792 and 16?
16
Calculate the greatest common divisor of 2061 and 810889.
229
What is the greatest common divisor of 18 and 89742?
6
What is the greatest common divisor of 24235 and 115?
5
Calculate the greatest common divisor of 24 and 730308.
12
Calculate the highest common factor of 11306 and 32.
2
Calculate the highest common factor of 181737 and 1908.
477
Calculate the highest common factor of 21663 and 3393.
261
Calculate the highest common divisor of 19865417 and 13.
13
What is the greatest common factor of 753380 and 139?
139
What is the highest common divisor of 176 and 2195204?
44
What is the highest common divisor of 2295 and 2720?
85
Calculate the highest common divisor of 88236 and 22458.
114
Calculate the greatest common factor of 45115 and 7.
7
Calculate the highest common divisor of 4697 and 1133.
11
What is the greatest common divisor of 115 and 39284?
23
Calculate the highest common divisor of 17794 and 656.
82
Calculate the greatest common factor of 32 and 14239408.
16
What is the greatest common factor of 5911 and 514?
257
Calculate the highest common divisor of 60 and 826530.
30
What is the highest common divisor of 11603 and 574?
41
Calculate the highest common divisor of 21 and 1971.
3
Calculate the highest common divisor of 25730 and 332.
166
Calculate the greatest common factor of 2788 and 8446.
82
What is the greatest common divisor of 724025 and 25?
25
What is the highest common factor of 527 and 1495099?
527
Calculate the greatest common factor of 1350 and 2209050.
450
What is the highest common divisor of 494 and 59926?
38
What is the greatest common factor of 1 and 11527?
1
What is the greatest common divisor of 2360 and 850?
10
What is the highest common factor of 86152 and 1331?
121
What is the highest common divisor of 393515 and 17935?
1055
Calculate the highest common divisor of 160741 and 28.
7
What is the highest common divisor of 5616 and 1456?
208
What is the highest common factor of 21 and 8764?
7
What is the greatest common factor of 1389 and 4933728?
1389
Calculate the greatest common factor of 16632 and 40887.
693
Calculate the highest common divisor of 23135 and 2625.
35
Calculate the highest common divisor of 7524 and 28413.
99
Calculate the highest common factor of 3159 and 56121.
39
Calculate the highest common divisor of 117 and 1517919.
39
What is the greatest common factor of 1590 and 18?
6
Calculate the greatest common factor of 13593886 and 422.
422
What is the highest common factor of 119 and 15932?
7
What is the greatest common divisor of 74 and 78181?
37
Calculate the greatest common factor of 61557 and 213.
213
What is the highest common factor of 332 and 192?
4
What is the greatest common divisor of 7584 and 15879?
237
What is the greatest common factor of 924 and 105756?
84
Calculate the highest common divisor of 42728 and 8.
8
Calculate the highest common factor of 106 and 1270622.
106
What is the greatest common factor of 6564 and 768?
12
What is the greatest common factor of 100 and 360875?
25
What is the highest common factor of 1755 and 95121?
351
Calculate the highest common factor of 78 and 168438.
6
Calculate the highest common divisor of 2303 and 2773.
47
Calculate the greatest common divisor of 70 and 15526.
14
What is the highest common divisor of 230 and 169010?
10
What is the greatest common divisor of 391140 and 30?
30
What is the greatest common factor of 2623668 and 2620?
524
Calculate the highest common divisor of 2691 and 18.
9
Calculate the highest common divisor of 5270 and 710.
10
Calculate the highest common divisor of 334054 and 428.
214
Calculate the greatest common factor of 6218 and 6.
2
Calculate the greatest common divisor of 825440 and 231.
77
Calculate the highest common factor of 2289 and 357.
21
Calculate the highest common divisor of 51 and 5270.
17
Calculate the highest common divisor of 352126 and 2.
2
What is the greatest common divisor of 918 and 8619?
51
What is the highest common divisor of 32224 and 265?
53
What is the greatest common factor of 653297 and 262?
131
Calculate the highest common divisor of 1112 and 188762.
278
What is the greatest common factor of 153 and 49317?
51
What is the highest common divisor of 1799 and 21?
7
Calculate the greatest common divisor of 489790 and 20.
10
What is the greatest common factor of 247324 and 44?
44
Calculate the greatest common divisor of 118 and 161011.
59
What is the highest common factor of 1259375 and 217?
31
Calculate the greatest common divisor of 10905 and 150.
15
What is the greatest common divisor of 880 and 49808?
176
What is the greatest common factor of 46435 and 3885?
185
Calculate the greatest common divisor of 48077 and 655.
131
What is the greatest common factor of 519779 and 13?
13
Calculate the highest common divisor of 3828 and 1606.
22
Calculate the highest common divisor of 990449 and 184.
23
What is the greatest common factor of 16710 and 30?
30
Calculate the highest common factor of 16 and 266632.
8
What is the greatest common factor of 311604 and 84?
12
What is the highest common factor of 48175 and 200?
25
Calculate the greatest common divisor of 3234 and 15.
3
Calculate the highest common divisor of 56 and 3248924.
28
Calculate the greatest common factor of 7763 and 119.
7
What is the highest common divisor of 470 and 16826?
94
Calculate the greatest common divisor of 363410 and 210.
10
Calculate the highest common divisor of 112 and 13734.
14
Calculate the greatest common factor of 708 and 6612.
12
Calculate the highest common factor of 107141 and 1273.
19
Calculate the highest common factor of 3863524 and 56.
28
Calculate the highest common factor of 543600 and 18.
18
Calculate the highest common